{"version":"1.0","provider_name":"ISPX","provider_url":"https:\/\/ispx.org\/es\/","title":"Me acuerdo - ISPX","type":"rich","width":600,"height":338,"html":"<blockquote class=\"wp-embedded-content\" data-secret=\"yrNPd2dd1o\"><a href=\"https:\/\/ispx.org\/es\/je-me-souviens\/\">Me acuerdo<\/a><\/blockquote><iframe sandbox=\"allow-scripts\" security=\"restricted\" src=\"https:\/\/ispx.org\/es\/je-me-souviens\/embed\/#?secret=yrNPd2dd1o\" width=\"600\" height=\"338\" title=\"\u00abMe acuerdo\u00bb \u2014 ISPX\" data-secret=\"yrNPd2dd1o\" frameborder=\"0\" marginwidth=\"0\" marginheight=\"0\" scrolling=\"no\" class=\"wp-embedded-content\"><\/iframe><script>\n\/*! This file is auto-generated *\/\n!function(d,l){\"use strict\";l.querySelector&&d.addEventListener&&\"undefined\"!=typeof URL&&(d.wp=d.wp||{},d.wp.receiveEmbedMessage||(d.wp.receiveEmbedMessage=function(e){var t=e.data;if((t||t.secret||t.message||t.value)&&!\/[^a-zA-Z0-9]\/.test(t.secret)){for(var s,r,n,a=l.querySelectorAll('iframe[data-secret=\"'+t.secret+'\"]'),o=l.querySelectorAll('blockquote[data-secret=\"'+t.secret+'\"]'),c=new RegExp(\"^https?:$\",\"i\"),i=0;i<o.length;i++)o[i].style.display=\"none\";for(i=0;i<a.length;i++)s=a[i],e.source===s.contentWindow&&(s.removeAttribute(\"style\"),\"height\"===t.message?(1e3<(r=parseInt(t.value,10))?r=1e3:~~r<200&&(r=200),s.height=r):\"link\"===t.message&&(r=new URL(s.getAttribute(\"src\")),n=new URL(t.value),c.test(n.protocol))&&n.host===r.host&&l.activeElement===s&&(d.top.location.href=t.value))}},d.addEventListener(\"message\",d.wp.receiveEmbedMessage,!1),l.addEventListener(\"DOMContentLoaded\",function(){for(var e,t,s=l.querySelectorAll(\"iframe.wp-embedded-content\"),r=0;r<s.length;r++)(t=(e=s[r]).getAttribute(\"data-secret\"))||(t=Math.random().toString(36).substring(2,12),e.src+=\"#?secret=\"+t,e.setAttribute(\"data-secret\",t)),e.contentWindow.postMessage({message:\"ready\",secret:t},\"*\")},!1)))}(window,document);\n\/\/# sourceURL=https:\/\/ispx.org\/wp-includes\/js\/wp-embed.min.js\n<\/script>\n","thumbnail_url":"http:\/\/ispx.org\/wp-content\/uploads\/2025\/04\/Pape.jpg","thumbnail_width":750,"thumbnail_height":423,"description":"El Papa Francisco muri\u00f3 el lunes de Pascua, mientras el sol se levantaba sobre Roma. En Quebec, todav\u00eda era de noche cuando me enter\u00e9 de la noticia. \u00a1Y me qued\u00e9 sin palabras, entristecido pero al mismo tiempo lleno de gratitud y acci\u00f3n de gracias por la vida de este buen pastor que gui\u00f3 a la Iglesia durante m\u00e1s de 12 a\u00f1os! Mientras rezaba los salmos de Pascua, los recuerdos inundaron mi coraz\u00f3n... \u00a1y a\u00fan hoy lo hacen!"}

El Papa Francisco murió el lunes de Pascua, mientras el sol se levantaba sobre Roma. En Quebec, todavía era de noche cuando me enteré de la noticia. ¡Y me quedé sin palabras, entristecido pero al mismo tiempo lleno de gratitud y acción de gracias por la vida de este buen pastor que guió a la Iglesia durante más de 12 años! Mientras rezaba los salmos de Pascua, los recuerdos inundaron mi corazón... ¡y aún hoy lo hacen!
